{"id":109,"date":"2018-11-07T23:07:55","date_gmt":"2018-11-07T22:07:55","guid":{"rendered":"http:\/\/www.be-right.eu\/?page_id=109"},"modified":"2018-11-11T23:48:55","modified_gmt":"2018-11-11T22:48:55","slug":"materiel","status":"publish","type":"page","link":"https:\/\/www.be-right.eu\/index.php\/materiel\/","title":{"rendered":"Mat\u00e9riel"},"content":{"rendered":"<figure><img loading=\"lazy\" decoding=\"async\" width=\"300\" height=\"107\" src=\"http:\/\/www.be-right.eu\/wp-content\/uploads\/2018\/11\/sherwood-1-300x107.jpg\" alt=\"\" srcset=\"http:\/\/www.be-right.eu\/wp-content\/uploads\/2018\/11\/sherwood-1-300x107.jpg 300w, http:\/\/www.be-right.eu\/wp-content\/uploads\/2018\/11\/sherwood-1-768x273.jpg 768w, http:\/\/www.be-right.eu\/wp-content\/uploads\/2018\/11\/sherwood-1-1024x364.jpg 1024w, http:\/\/www.be-right.eu\/wp-content\/uploads\/2018\/11\/sherwood-1-169x60.jpg 169w\" sizes=\"auto, (max-width: 300px) 100vw, 300px\" \/><\/figure>\n<h3>En partenariat avec   <\/h3>\n<h4>\n\t\t\t\t\tServeurs<br \/>\n\t\t\t\t<\/h4>\n<\/p>\n<ul>\n<li >\n\t\t\t\t\t\t\t\t\t\tServeur NAS Synology avec gestionnaire MySql int\u00e9gr\u00e9\n\t\t\t\t\t\t\t\t\t<\/li>\n<li >\n\t\t\t\t\t\t\t\t\t\tServeur d&#8217;entreprise Linux ou Windows sur mesure\n\t\t\t\t\t\t\t\t\t<\/li>\n<li >\n\t\t\t\t\t\t\t\t\t\tServeur Cloud (Microsoft Azure)\n\t\t\t\t\t\t\t\t\t<\/li>\n<\/ul>\n<p>\t\t\t\t\t\t\t\t\t\t<img loading=\"lazy\" decoding=\"async\" width=\"259\" height=\"194\" src=\"http:\/\/www.be-right.eu\/wp-content\/uploads\/2018\/11\/images.jpg\" alt=\"\" srcset=\"http:\/\/www.be-right.eu\/wp-content\/uploads\/2018\/11\/images.jpg 259w, http:\/\/www.be-right.eu\/wp-content\/uploads\/2018\/11\/images-80x60.jpg 80w\" sizes=\"auto, (max-width: 259px) 100vw, 259px\" \/><br \/>\n\t\t\t\t\t\t\t\t\t\t<img loading=\"lazy\" decoding=\"async\" width=\"728\" height=\"436\" src=\"http:\/\/www.be-right.eu\/wp-content\/uploads\/2018\/11\/1854559_servers-dell-r440-k01ym.jpg\" alt=\"\" srcset=\"http:\/\/www.be-right.eu\/wp-content\/uploads\/2018\/11\/1854559_servers-dell-r440-k01ym.jpg 728w, http:\/\/www.be-right.eu\/wp-content\/uploads\/2018\/11\/1854559_servers-dell-r440-k01ym-300x180.jpg 300w, http:\/\/www.be-right.eu\/wp-content\/uploads\/2018\/11\/1854559_servers-dell-r440-k01ym-100x60.jpg 100w\" sizes=\"auto, (max-width: 728px) 100vw, 728px\" \/><br \/>\n\t\t\t\t\t\t\t\t\t\t<img loading=\"lazy\" decoding=\"async\" width=\"276\" height=\"183\" src=\"http:\/\/www.be-right.eu\/wp-content\/uploads\/2018\/11\/notebook.jpg\" alt=\"\" srcset=\"http:\/\/www.be-right.eu\/wp-content\/uploads\/2018\/11\/notebook.jpg 276w, http:\/\/www.be-right.eu\/wp-content\/uploads\/2018\/11\/notebook-90x60.jpg 90w\" sizes=\"auto, (max-width: 276px) 100vw, 276px\" \/>\t\t\t\t\t\t\t\t\t\t\t<\/p>\n<h4>\n\t\t\t\t\tMat\u00e9riel de bureautique<br \/>\n\t\t\t\t<\/h4>\n<\/p>\n<ul>\n<li >\n\t\t\t\t\t\t\t\t\t\tPC, portables, tablettes, \u00e9crans\n\t\t\t\t\t\t\t\t\t<\/li>\n<li >\n\t\t\t\t\t\t\t\t\t\tSwitch, routeurs\n\t\t\t\t\t\t\t\t\t<\/li>\n<li >\n\t\t\t\t\t\t\t\t\t\tSyst\u00e8me de sauvegarde\n\t\t\t\t\t\t\t\t\t<\/li>\n<\/ul>\n<h4>\n\t\t\t\t\tBarre-codes et RFID<br \/>\n\t\t\t\t<\/h4>\n<\/p>\n<ul>\n<li >\n\t\t\t\t\t\t\t\t\t\tLecteurs Zebra (1D, 2D et RFID UHF)\n\t\t\t\t\t\t\t\t\t<\/li>\n<li >\n\t\t\t\t\t\t\t\t\t\tImprimante \u00e9tiquettes Zebra (barre-codes, QRCode ou RFID)\n\t\t\t\t\t\t\t\t\t<\/li>\n<li >\n\t\t\t\t\t\t\t\t\t\tAntenne RFID\n\t\t\t\t\t\t\t\t\t<\/li>\n<\/ul>\n<p>\t\t\t\t\t\t\t\t\t\t<img loading=\"lazy\" decoding=\"async\" width=\"267\" height=\"160\" src=\"http:\/\/www.be-right.eu\/wp-content\/uploads\/2018\/11\/Image3.jpg\" alt=\"\" srcset=\"http:\/\/www.be-right.eu\/wp-content\/uploads\/2018\/11\/Image3.jpg 267w, http:\/\/www.be-right.eu\/wp-content\/uploads\/2018\/11\/Image3-100x60.jpg 100w\" sizes=\"auto, (max-width: 267px) 100vw, 267px\" \/><br \/>\n\t\t\t\t\t\t\t\t\t\t<img loading=\"lazy\" decoding=\"async\" width=\"225\" height=\"225\" src=\"http:\/\/www.be-right.eu\/wp-content\/uploads\/2018\/11\/zebra-GK420.jpg\" alt=\"\" srcset=\"http:\/\/www.be-right.eu\/wp-content\/uploads\/2018\/11\/zebra-GK420.jpg 225w, http:\/\/www.be-right.eu\/wp-content\/uploads\/2018\/11\/zebra-GK420-150x150.jpg 150w, http:\/\/www.be-right.eu\/wp-content\/uploads\/2018\/11\/zebra-GK420-60x60.jpg 60w\" sizes=\"auto, (max-width: 225px) 100vw, 225px\" \/><br \/>\n\t\t\t\t\t\t\t\t\t\t<img loading=\"lazy\" decoding=\"async\" width=\"200\" height=\"200\" src=\"http:\/\/www.be-right.eu\/wp-content\/uploads\/2018\/11\/zebrapartner.png\" alt=\"\" srcset=\"http:\/\/www.be-right.eu\/wp-content\/uploads\/2018\/11\/zebrapartner.png 200w, http:\/\/www.be-right.eu\/wp-content\/uploads\/2018\/11\/zebrapartner-150x150.png 150w, http:\/\/www.be-right.eu\/wp-content\/uploads\/2018\/11\/zebrapartner-60x60.png 60w\" sizes=\"auto, (max-width: 200px) 100vw, 200px\" \/><br \/>\n\t\t\t\t\t\t\t\t\t\t<img loading=\"lazy\" decoding=\"async\" width=\"353\" height=\"143\" src=\"http:\/\/www.be-right.eu\/wp-content\/uploads\/2018\/11\/synology.png\" alt=\"\" srcset=\"http:\/\/www.be-right.eu\/wp-content\/uploads\/2018\/11\/synology.png 353w, http:\/\/www.be-right.eu\/wp-content\/uploads\/2018\/11\/synology-300x122.png 300w, http:\/\/www.be-right.eu\/wp-content\/uploads\/2018\/11\/synology-148x60.png 148w\" sizes=\"auto, (max-width: 353px) 100vw, 353px\" \/><br \/>\n\t\t\t\t\t\t\t\t\t\t<img loading=\"lazy\" decoding=\"async\" width=\"259\" height=\"194\" src=\"http:\/\/www.be-right.eu\/wp-content\/uploads\/2018\/11\/azure.png\" alt=\"\" srcset=\"http:\/\/www.be-right.eu\/wp-content\/uploads\/2018\/11\/azure.png 259w, http:\/\/www.be-right.eu\/wp-content\/uploads\/2018\/11\/azure-80x60.png 80w\" sizes=\"auto, (max-width: 259px) 100vw, 259px\" \/><br \/>\n\t\t\t\t\t\t\t\t\t\t<img loading=\"lazy\" decoding=\"async\" width=\"402\" height=\"125\" src=\"http:\/\/www.be-right.eu\/wp-content\/uploads\/2018\/11\/office365.png\" alt=\"\" srcset=\"http:\/\/www.be-right.eu\/wp-content\/uploads\/2018\/11\/office365.png 402w, http:\/\/www.be-right.eu\/wp-content\/uploads\/2018\/11\/office365-300x93.png 300w, http:\/\/www.be-right.eu\/wp-content\/uploads\/2018\/11\/office365-193x60.png 193w\" sizes=\"auto, (max-width: 402px) 100vw, 402px\" \/><\/p>\n","protected":false},"excerpt":{"rendered":"<p>En partenariat avec Serveurs Serveur NAS Synology avec gestionnaire MySql int\u00e9gr\u00e9 Serveur d&#8217;entreprise Linux ou Windows sur mesure Serveur Cloud (Microsoft Azure) Mat\u00e9riel de bureautique PC, portables, tablettes, \u00e9crans Switch, routeurs Syst\u00e8me de sauvegarde Barre-codes et RFID Lecteurs Zebra (1D, 2D et RFID UHF) Imprimante \u00e9tiquettes Zebra (barre-codes, QRCode ou RFID) Antenne RFID<\/p>\n","protected":false},"author":1,"featured_media":0,"parent":0,"menu_order":0,"comment_status":"closed","ping_status":"closed","template":"","meta":{"footnotes":""},"class_list":["post-109","page","type-page","status-publish","hentry","latest_post"],"jetpack_sharing_enabled":true,"_links":{"self":[{"href":"https:\/\/www.be-right.eu\/index.php\/wp-json\/wp\/v2\/pages\/109","targetHints":{"allow":["GET"]}}],"collection":[{"href":"https:\/\/www.be-right.eu\/index.php\/wp-json\/wp\/v2\/pages"}],"about":[{"href":"https:\/\/www.be-right.eu\/index.php\/wp-json\/wp\/v2\/types\/page"}],"author":[{"embeddable":true,"href":"https:\/\/www.be-right.eu\/index.php\/wp-json\/wp\/v2\/users\/1"}],"replies":[{"embeddable":true,"href":"https:\/\/www.be-right.eu\/index.php\/wp-json\/wp\/v2\/comments?post=109"}],"version-history":[{"count":15,"href":"https:\/\/www.be-right.eu\/index.php\/wp-json\/wp\/v2\/pages\/109\/revisions"}],"predecessor-version":[{"id":410,"href":"https:\/\/www.be-right.eu\/index.php\/wp-json\/wp\/v2\/pages\/109\/revisions\/410"}],"wp:attachment":[{"href":"https:\/\/www.be-right.eu\/index.php\/wp-json\/wp\/v2\/media?parent=109"}],"curies":[{"name":"wp","href":"https:\/\/api.w.org\/{rel}","templated":true}]}}